{"id":10275,"date":"2018-04-04T09:18:14","date_gmt":"2018-04-04T07:18:14","guid":{"rendered":"http:\/\/cronacabianca.eu\/tv\/?post_type=video&#038;p=10275"},"modified":"2018-11-14T16:55:47","modified_gmt":"2018-11-14T15:55:47","slug":"assemblea-on-er-puntata-del-4-aprile-2018","status":"publish","type":"video","link":"https:\/\/cronacabianca.eu\/tv\/video\/assemblea-on-er-puntata-del-4-aprile-2018\/","title":{"rendered":"Assemblea ON-ER, Puntata n.18, 4 aprile 2018"},"content":{"rendered":"<p>In questa 18esima puntata di Assemblea On-ER abbiamo trattato i seguenti argomenti:<\/p>\n<p>&#8211;\u00a0<strong>Cabina di regia unica con le altre regioni: 7 milioni per il Po<\/strong><br \/>\nTutelare il patrimonio ittico del Po: questo \u00e8 l\u2019obiettivo del protocollo d\u2019intesa siglato da Emilia-Romagna, Veneto, Lombardia, Piemonte e autorit\u00e0 di bacino del fiume Po.<br \/>\nNel servizio gli interventi di <strong>Massimo Iotti<\/strong> del<strong> Partito democratico<\/strong>, <strong>Yuri Torri<\/strong> di <strong>Sinistra italiana<\/strong>, <strong>Marco Pettazzoni<\/strong> della <strong>Lega nord<\/strong>, <strong>Andrea Bertani<\/strong> del <strong>Movimento 5 stelle<\/strong> e <strong>Tommaso Foti<\/strong> di F<strong>ratelli d\u2019Italia<\/strong>.<\/p>\n<p><strong>-Addio al monolite religioso in Emilia-Romagna: una ricerca dell\u2019Assemblea<\/strong><br \/>\nL\u2019Emilia-Romagna non \u00e8 pi\u00f9 un monolite religioso: il 47,5 per cento dei cittadini stranieri \u00e8, a vario titolo, cristiano mentre solo il 38,9 per cento \u00e8 mussulmano.<br \/>\nNel servizio gli interventi della presidente dell\u2019Assemblea legislativa <strong>Simonetta Saliera<\/strong> e dei ricercatori che hanno stilato lo studio Davide Nicola Carnevale ed Elisa Farinacci.<\/p>\n<p><strong>&#8211; Precisi e attenti: ecco gli amministratori che le mafie temono<\/strong><br \/>\nSettimana dedicata alla legalit\u00e0 in Assemblea. Dal 19 al 26 marzo si sono infatti susseguiti incontri, dibattiti e confronti a sostegno delle buone pratiche in Emilia-Romagna in attuazione del testo unico per la promozione della legalit\u00e0.<br \/>\nNel servizio gli interventi del direttore generale dell\u2019Assemblea <strong>Leonardo Draghetti<\/strong>, dello scrittore <strong>Elia Minari<\/strong>, e di <strong>Yuri Torri<\/strong> componente dell\u2019Ufficio di presidenza.<\/p>\n<!-- AddThis Advanced Settings generic via filter on the_content --><!-- AddThis Share Buttons generic via filter on the_content -->","protected":false},"author":7,"featured_media":10422,"comment_status":"closed","ping_status":"closed","template":"","format":"standard","video-category":[806,345],"video-tag":[813],"class_list":["post-10275","video","type-video","status-publish","format-standard","has-post-thumbnail","hentry","categories-assemblea-on-er","categories-programmi-video","video_tag-assembleaoner"],"senape_tv_rid":"3MLZTB2LALN8","senape_tv_type":"Video","media_type":"","codice_da_embeddare":"","pubblica_in_testata_cronacabianca":[],"titolo_per_testata_cronacabianca":"","_links":{"self":[{"href":"https:\/\/cronacabianca.eu\/tv\/wp-json\/wp\/v2\/video\/10275","targetHints":{"allow":["GET"]}}],"collection":[{"href":"https:\/\/cronacabianca.eu\/tv\/wp-json\/wp\/v2\/video"}],"about":[{"href":"https:\/\/cronacabianca.eu\/tv\/wp-json\/wp\/v2\/types\/video"}],"author":[{"embeddable":true,"href":"https:\/\/cronacabianca.eu\/tv\/wp-json\/wp\/v2\/users\/7"}],"replies":[{"embeddable":true,"href":"https:\/\/cronacabianca.eu\/tv\/wp-json\/wp\/v2\/comments?post=10275"}],"wp:featuredmedia":[{"embeddable":true,"href":"https:\/\/cronacabianca.eu\/tv\/wp-json\/wp\/v2\/media\/10422"}],"wp:attachment":[{"href":"https:\/\/cronacabianca.eu\/tv\/wp-json\/wp\/v2\/media?parent=10275"}],"wp:term":[{"taxonomy":"categories","embeddable":true,"href":"https:\/\/cronacabianca.eu\/tv\/wp-json\/wp\/v2\/video-category?post=10275"},{"taxonomy":"video_tag","embeddable":true,"href":"https:\/\/cronacabianca.eu\/tv\/wp-json\/wp\/v2\/video-tag?post=10275"}],"curies":[{"name":"wp","href":"https:\/\/api.w.org\/{rel}","templated":true}]}}

<p>In questa 18esima puntata di Assemblea On-ER abbiamo trattato i seguenti argomenti:</p>
<p>&#8211; <strong>Cabina di regia unica con le altre regioni: 7 milioni per il Po</strong><br />
Tutelare il patrimonio ittico del Po: questo è l’obiettivo del protocollo d’intesa siglato da Emilia-Romagna, Veneto, Lombardia, Piemonte e autorità di bacino del fiume Po.<br />
Nel servizio gli interventi di <strong>Massimo Iotti</strong> del<strong> Partito democratico</strong>, <strong>Yuri Torri</strong> di <strong>Sinistra italiana</strong>, <strong>Marco Pettazzoni</strong> della <strong>Lega nord</strong>, <strong>Andrea Bertani</strong> del <strong>Movimento 5 stelle</strong> e <strong>Tommaso Foti</strong> di F<strong>ratelli d’Italia</strong>.</p>
<p><strong>-Addio al monolite religioso in Emilia-Romagna: una ricerca dell’Assemblea</strong><br />
L’Emilia-Romagna non è più un monolite religioso: il 47,5 per cento dei cittadini stranieri è, a vario titolo, cristiano mentre solo il 38,9 per cento è mussulmano.<br />
Nel servizio gli interventi della presidente dell’Assemblea legislativa <strong>Simonetta Saliera</strong> e dei ricercatori che hanno stilato lo studio Davide Nicola Carnevale ed Elisa Farinacci.</p>
<p><strong>&#8211; Precisi e attenti: ecco gli amministratori che le mafie temono</strong><br />
Settimana dedicata alla legalità in Assemblea. Dal 19 al 26 marzo si sono infatti susseguiti incontri, dibattiti e confronti a sostegno delle buone pratiche in Emilia-Romagna in attuazione del testo unico per la promozione della legalità.<br />
Nel servizio gli interventi del direttore generale dell’Assemblea <strong>Leonardo Draghetti</strong>, dello scrittore <strong>Elia Minari</strong>, e di <strong>Yuri Torri</strong> componente dell’Ufficio di presidenza.</p>
<!-- AddThis Advanced Settings generic via filter on the_content --><!-- AddThis Share Buttons generic via filter on the_content -->
