{"id":10327,"date":"2018-06-14T11:20:53","date_gmt":"2018-06-14T09:20:53","guid":{"rendered":"http:\/\/cronacabianca.eu\/tv\/?post_type=video&#038;p=10327"},"modified":"2018-11-14T16:55:03","modified_gmt":"2018-11-14T15:55:03","slug":"assemblea-on-er-puntata-n-23-13-giugno-2018","status":"publish","type":"video","link":"https:\/\/cronacabianca.eu\/tv\/video\/assemblea-on-er-puntata-n-23-13-giugno-2018\/","title":{"rendered":"Assemblea ON-ER, puntata n.23, 13 giugno 2018"},"content":{"rendered":"<p>In questa 23esima puntata di Assemblea On-ER abbiamo trattato i seguenti argomenti:<strong>\u00a0<\/strong><\/p>\n<p><strong>1)IL NUOVO REDDITO MINIMO PER LE FAMIGLIE E PER AVVIARE AL LAVORO<br \/>\n<\/strong>Reddito minimo per le famiglie pi\u00f9 in difficolt\u00e0 e percorsi personalizzati di inclusione sociale e lavorativa. Sono i pilastri del Piano regionale per la lotta alla povert\u00e0 2018-2020, approvato in Aula. L\u2019Emilia-Romagna \u00e8 la prima Regione in Italia a introdurre il reddito minimo, con il progetto di Si, Pd e Misto-mdp, votato anche dal M5s. Nel servizio gli interventi di <strong>Stefano Caliandro (Pd), Igor Taruffi (Si), Silvia Prodi (misto-mdp<\/strong><strong>) , Giulia Gibertoni (Movimento 5 stelle)<\/strong>, <strong>Daniele Marchetti (Lega Nord), Giancarlo Tagliaferri<\/strong><strong> (Fdi) , Andrea Galli (Fi). <\/strong><\/p>\n<p><strong>2)L&#8217;APPENNINO CHE STUPISCE, UNA MOSTRA IN CONSIGLIO REGIONALE<br \/>\n<\/strong>\u201cLe nostre valli, cielo, acqua, notti, nature\u201d, l\u2019Appennino si racconta con gli scatti di William Vivarelli e Adriano Simocini. Interventi di <strong>William Vivarelli, Simonetta Saliera, presidente dell\u2019Assemblea e Gabriele Minghetti sindaco di Pianoro.<\/strong><\/p>\n<p><strong>3)QUALITA&#8217; CERTIFICATA IN ASSEMBLEA CRESCE L&#8217;EFFICIENZA DEGLI UFFICI<br \/>\n<\/strong>Pi\u00f9 efficienza degli uffici, pi\u00f9 controllo e monitoraggio di quello che viene svolto: continua il percorso di certificazione di qualit\u00e0 dell\u2019Assemblea legislativa, che \u00e8 una delle regioni pi\u00f9 virtuose in questo senso. Interviene: <strong>Leonardo Draghetti<\/strong>, direttore generale dell\u2019Assemblea<\/p>\n<!-- AddThis Advanced Settings generic via filter on the_content --><!-- AddThis Share Buttons generic via filter on the_content -->","protected":false},"author":7,"featured_media":10659,"comment_status":"closed","ping_status":"closed","template":"","format":"standard","video-category":[806,345],"video-tag":[813],"class_list":["post-10327","video","type-video","status-publish","format-standard","has-post-thumbnail","hentry","categories-assemblea-on-er","categories-programmi-video","video_tag-assembleaoner"],"senape_tv_rid":"ET94TSJMAMP8","senape_tv_type":"Video","media_type":"","codice_da_embeddare":"","pubblica_in_testata_cronacabianca":[],"titolo_per_testata_cronacabianca":"","_links":{"self":[{"href":"https:\/\/cronacabianca.eu\/tv\/wp-json\/wp\/v2\/video\/10327","targetHints":{"allow":["GET"]}}],"collection":[{"href":"https:\/\/cronacabianca.eu\/tv\/wp-json\/wp\/v2\/video"}],"about":[{"href":"https:\/\/cronacabianca.eu\/tv\/wp-json\/wp\/v2\/types\/video"}],"author":[{"embeddable":true,"href":"https:\/\/cronacabianca.eu\/tv\/wp-json\/wp\/v2\/users\/7"}],"replies":[{"embeddable":true,"href":"https:\/\/cronacabianca.eu\/tv\/wp-json\/wp\/v2\/comments?post=10327"}],"wp:featuredmedia":[{"embeddable":true,"href":"https:\/\/cronacabianca.eu\/tv\/wp-json\/wp\/v2\/media\/10659"}],"wp:attachment":[{"href":"https:\/\/cronacabianca.eu\/tv\/wp-json\/wp\/v2\/media?parent=10327"}],"wp:term":[{"taxonomy":"categories","embeddable":true,"href":"https:\/\/cronacabianca.eu\/tv\/wp-json\/wp\/v2\/video-category?post=10327"},{"taxonomy":"video_tag","embeddable":true,"href":"https:\/\/cronacabianca.eu\/tv\/wp-json\/wp\/v2\/video-tag?post=10327"}],"curies":[{"name":"wp","href":"https:\/\/api.w.org\/{rel}","templated":true}]}}

<p>In questa 23esima puntata di Assemblea On-ER abbiamo trattato i seguenti argomenti:<strong> </strong></p>
<p><strong>1)IL NUOVO REDDITO MINIMO PER LE FAMIGLIE E PER AVVIARE AL LAVORO<br />
</strong>Reddito minimo per le famiglie più in difficoltà e percorsi personalizzati di inclusione sociale e lavorativa. Sono i pilastri del Piano regionale per la lotta alla povertà 2018-2020, approvato in Aula. L’Emilia-Romagna è la prima Regione in Italia a introdurre il reddito minimo, con il progetto di Si, Pd e Misto-mdp, votato anche dal M5s. Nel servizio gli interventi di <strong>Stefano Caliandro (Pd), Igor Taruffi (Si), Silvia Prodi (misto-mdp</strong><strong>) , Giulia Gibertoni (Movimento 5 stelle)</strong>, <strong>Daniele Marchetti (Lega Nord), Giancarlo Tagliaferri</strong><strong> (Fdi) , Andrea Galli (Fi). </strong></p>
<p><strong>2)L&#8217;APPENNINO CHE STUPISCE, UNA MOSTRA IN CONSIGLIO REGIONALE<br />
</strong>“Le nostre valli, cielo, acqua, notti, nature”, l’Appennino si racconta con gli scatti di William Vivarelli e Adriano Simocini. Interventi di <strong>William Vivarelli, Simonetta Saliera, presidente dell’Assemblea e Gabriele Minghetti sindaco di Pianoro.</strong></p>
<p><strong>3)QUALITA&#8217; CERTIFICATA IN ASSEMBLEA CRESCE L&#8217;EFFICIENZA DEGLI UFFICI<br />
</strong>Più efficienza degli uffici, più controllo e monitoraggio di quello che viene svolto: continua il percorso di certificazione di qualità dell’Assemblea legislativa, che è una delle regioni più virtuose in questo senso. Interviene: <strong>Leonardo Draghetti</strong>, direttore generale dell’Assemblea</p>
<!-- AddThis Advanced Settings generic via filter on the_content --><!-- AddThis Share Buttons generic via filter on the_content -->
