{"id":13269,"date":"2026-03-10T10:59:41","date_gmt":"2026-03-10T09:59:41","guid":{"rendered":"https:\/\/cronacabianca.eu\/tv\/?post_type=video&#038;p=13269"},"modified":"2026-03-10T11:00:41","modified_gmt":"2026-03-10T10:00:41","slug":"it-eco-e-quelle-serate-bolognesi-con-guccini-e-benigni-il-ricordo-del-collaboratore-constantino-marmo","status":"publish","type":"video","link":"https:\/\/cronacabianca.eu\/tv\/video\/it-eco-e-quelle-serate-bolognesi-con-guccini-e-benigni-il-ricordo-del-collaboratore-constantino-marmo\/","title":{"rendered":"Eco e quelle serate bolognesi con Guccini e Benigni: il ricordo del collaboratore Constantino Marmo"},"content":{"rendered":"<p>Diecimila libri, di cui la maggior parte sottolineati e appuntati dalla mano del loro proprietario e spesso autore: Umberto Eco. Diecimila libri che gli eredi di Eco hanno ceduto alla collettivit\u00e0 e che da maggio saranno ospitati nella Biblioteca a lui dedicata che verr\u00e0 inaugurata a Bologna, citt\u00e0 che Eco, alessandrino di nascita, scelse come sua citt\u00e0 d\u2019adozione.<\/p>\n<p>A dieci anni dalla morte, l\u2019Assemblea legislativa della Regione Emilia-Romagna rende omaggio a Umberto Eco con una puntata del suo settimanale radiotelevisivo, ON ER-il giornale dell\u2019Emilia-Romagna. Intervistato da Margherita Giacchi, a raccontare un Umberto Eco a cavallo tra la cattedra e la vita privata, \u00e8 Costantino Marmo, docente universitario e stretto collaboratore dell\u2019autore del \u201cNome della Rosa\u201d, che in 15 minuti di intervista racconta il valore del dono di Eco alla citt\u00e0, di una \u201cimprobabile sfida\u201d tra Eco, Francesco Guccini e Roberto Benigni e dell\u2019amore di Eco per le Due Torri: \u201cPoteva andare a vivere e insegnare ovunque: scelse Bologna\u201d, conferma Marmo.<\/p>\n<p>La seconda parte di ON ER ospita i consiglieri regionali Niccol\u00f2 Bosi e Fausto Gianella che si confrontano sulla nuova legge regionale sull\u2019agricoltura, dei pro e contro di questa futura norma e di come andrebbe aiutato il settore. Ospiti anche Lorenzo Casadei e Valentina Castaldini che affrontano il tema cultura, dai numeri delle rete museale emiliano-romagnola dopo gli anni del Covid alla situazione dei dipendenti del settore dello spettacolo.<\/p>\n<!-- AddThis Advanced Settings generic via filter on the_content --><!-- AddThis Share Buttons generic via filter on the_content -->","protected":false},"author":7,"featured_media":13270,"comment_status":"closed","ping_status":"closed","template":"","format":"standard","video-category":[806,822,345],"video-tag":[],"class_list":["post-13269","video","type-video","status-publish","format-standard","has-post-thumbnail","hentry","categories-assemblea-on-er","categories-on-er-tv","categories-programmi-video"],"senape_tv_rid":"","senape_tv_type":"","media_type":"","codice_da_embeddare":"<iframe style=\"width: 100%; aspect-ratio: 16 \/ 9; border: 0;\" title=\"YouTube video player\" src=\"https:\/\/www.youtube.com\/embed\/GLGYegpysRA?si=20OaH8nHRzX8Sc1U\" allowfullscreen=\"allowfullscreen\">\r\n<\/iframe>","pubblica_in_testata_cronacabianca":"1","titolo_per_testata_cronacabianca":"","_links":{"self":[{"href":"https:\/\/cronacabianca.eu\/tv\/wp-json\/wp\/v2\/video\/13269","targetHints":{"allow":["GET"]}}],"collection":[{"href":"https:\/\/cronacabianca.eu\/tv\/wp-json\/wp\/v2\/video"}],"about":[{"href":"https:\/\/cronacabianca.eu\/tv\/wp-json\/wp\/v2\/types\/video"}],"author":[{"embeddable":true,"href":"https:\/\/cronacabianca.eu\/tv\/wp-json\/wp\/v2\/users\/7"}],"replies":[{"embeddable":true,"href":"https:\/\/cronacabianca.eu\/tv\/wp-json\/wp\/v2\/comments?post=13269"}],"wp:featuredmedia":[{"embeddable":true,"href":"https:\/\/cronacabianca.eu\/tv\/wp-json\/wp\/v2\/media\/13270"}],"wp:attachment":[{"href":"https:\/\/cronacabianca.eu\/tv\/wp-json\/wp\/v2\/media?parent=13269"}],"wp:term":[{"taxonomy":"categories","embeddable":true,"href":"https:\/\/cronacabianca.eu\/tv\/wp-json\/wp\/v2\/video-category?post=13269"},{"taxonomy":"video_tag","embeddable":true,"href":"https:\/\/cronacabianca.eu\/tv\/wp-json\/wp\/v2\/video-tag?post=13269"}],"curies":[{"name":"wp","href":"https:\/\/api.w.org\/{rel}","templated":true}]}}

<p>Diecimila libri, di cui la maggior parte sottolineati e appuntati dalla mano del loro proprietario e spesso autore: Umberto Eco. Diecimila libri che gli eredi di Eco hanno ceduto alla collettività e che da maggio saranno ospitati nella Biblioteca a lui dedicata che verrà inaugurata a Bologna, città che Eco, alessandrino di nascita, scelse come sua città d’adozione.</p>
<p>A dieci anni dalla morte, l’Assemblea legislativa della Regione Emilia-Romagna rende omaggio a Umberto Eco con una puntata del suo settimanale radiotelevisivo, ON ER-il giornale dell’Emilia-Romagna. Intervistato da Margherita Giacchi, a raccontare un Umberto Eco a cavallo tra la cattedra e la vita privata, è Costantino Marmo, docente universitario e stretto collaboratore dell’autore del “Nome della Rosa”, che in 15 minuti di intervista racconta il valore del dono di Eco alla città, di una “improbabile sfida” tra Eco, Francesco Guccini e Roberto Benigni e dell’amore di Eco per le Due Torri: “Poteva andare a vivere e insegnare ovunque: scelse Bologna”, conferma Marmo.</p>
<p>La seconda parte di ON ER ospita i consiglieri regionali Niccolò Bosi e Fausto Gianella che si confrontano sulla nuova legge regionale sull’agricoltura, dei pro e contro di questa futura norma e di come andrebbe aiutato il settore. Ospiti anche Lorenzo Casadei e Valentina Castaldini che affrontano il tema cultura, dai numeri delle rete museale emiliano-romagnola dopo gli anni del Covid alla situazione dei dipendenti del settore dello spettacolo.</p>
<!-- AddThis Advanced Settings generic via filter on the_content --><!-- AddThis Share Buttons generic via filter on the_content -->
